the first derivative of -m + 1/2*l**2 - l. Determine t(-3).
-4
Let b(j) = -2*j**2 + 6 + 2*j**3 + j - 19 + 13. Let f = 0 - 1. Let p be (f + -1)*(-1)/2. What is b(p)?
1
Suppose -5*t = 32 - 2. Let v(z) = -z - 4. Let p be v(t). Let g(c) = 2*c - 2 - 2*c**p + 1 - 3*c**2. Give g(1).
-4
Let b(c) = c**3 + 5*c**2 - 3*c - 6. Suppose 2*z - 2*g + 20 = 0, -3*z = -z + 2*g. Calculate b(z).
9
Let i(l) = 2*l - 8. Let u be i(0). Let o = u + 8. Let p(v) = v**2 - v. Calculate p(o).
0
Let d(p) = -3*p + 2*p + 2*p. Let x(s) = -s**2 - 3. Let n(w) = 2*d(w) - x(w). Suppose 19 = -2*g + 5*i, g + 4*i = 8 + 2. Give n(g).
3
Suppose 2*n + 2 = 2*u, -5*u - 2*n = 7 - 33. Let p(j) = j**2 - 4*j - 1. Calculate p(u).
-1
Let z(s) be the first derivative of 3*s**2/2 - s - 1. Let q be z(1). Let o(a) = 3 + a - 3 - 1. What is o(q)?
1
Let t be 9/(-2)*(-8)/(-6). Let v(j) = j**3 + 7*j**2 + 5*j + 6. What is v(t)?
12
Let n(s) be the first derivative of -7*s - 1/2*s**2 + 2. Determine n(-5).
-2
Let s(q) be the third derivative of 0*q + 0*q**3 + 0 + 2*q**2 - 1/24*q**4. Calculate s(6).
-6
Suppose 0 = -3*s - 2*q + 1, -s + 5*q + 4 = 2*q. Let j(n) = -22*n**2. Calculate j(s).
-22
Suppose n + 0*n - 2 = 0. Suppose -n*x - 2 = -3*x. Let q(o) = 0*o**3 + o + x*o**3 + 3 - 3. Calculate q(1).
3
Let h(o) = 3*o + 3. Let d = 6 + -13. Let b = 5 + d. Let u be b/(-4)*(-6 + 2). Calculate h(u).
-3
Let j(y) = y + 6. Let s = 3 - 1. Suppose -f + s*x - 3 = -16, -16 = -4*f - x. Suppose 10 = -0*w - w - 2*m, 5*w - 5*m = -f. What is j(w)?
2
Let r(v) = -v**3 + 7*v**2 - 8. Let f be r(7). Let l(u) = u**3 + 9*u**2 + 7*u - 3. Let m be l(f). Let o(b) = 0 + 4 - 5*b + 3 + b**2. Calculate o(m).
7
Let i(m) = m**3 + 1. Suppose u = -4*u - 4*y + 11, 2*y = -3*u + 5. Let w be i(u). Suppose 4*h - 6*h + 8 = w. Let l(a) = -a**2 + 6*a - 6. Determine l(h).
2
Let u(b) = -b**3 + 11*b**2 - 4*b - 2. Let o(c) = -2*c**3 + 21*c**2 - 7*c - 5. Let n(x) = -4*o(x) + 7*u(x). Give n(7).
6
Let f(m) = -3*m**2 + 3*m - 1. Let c(a) = -2*a**2 + 3*a. Let o(t) = -4*c(t) + 3*f(t). Let k be 2*(-22)/(-4) + 3. Suppose n + k + 2 = -3*g, 3*g = 3*n. Give o(g).
-7
Let g(z) be the first derivative of -z**2/2 - 52. Determine g(5).
-5
Let f(v) = 7*v - 7. Let l(x) = 4*x - 4. Let n(w) = -3*f(w) + 5*l(w). Let h(u) = u + 7. Let m be h(-4). Suppose -2*r + m*o = 10, -o + 7 = 3*r - 0*o. Give n(r).
0
Let r(c) = c**3 - 14*c**2 + 2*c - 14. Let q(b) = -b**3 + 15*b**2 - 2*b + 15. Let l(o) = 6*q(o) + 7*r(o). Give l(8).
8
Suppose 2*h - 13 = 3*g, -38 = -9*h + 4*h + 2*g. Suppose 0 = 3*u - 2*i + 5, -5*u + h = i - 1. Let l(n) = -10*n**3 + n**2 - 1. Give l(u).
-10
Suppose 8*i = 2*i + 30. Let d(o) = 0*o + 2 - o + 5. What is d(i)?
2
Let i(n) be the second derivative of -5/12*n**4 - 3*n**2 + 0 - 5*n - 1/20*n**5 + n**3. Give i(-6).
-6
Let v be 0 - (-4 - 2)/2. Let b(m) be the first derivative of -1/4*m**4 - 1 - 1/2*m**2 + m**3 + m. Give b(v).
-2
Let d(f) = -f - 1. Let l(n) = n + 2. Let p(x) = 3*x + 4. Let j(s) = -5*l(s) + 3*p(s). Suppose -3 = -0*w + 3*w. Let t(z) = w*j(z) - 5*d(z). Give t(5).
8
Let d = 7 + 1. Let w = d + -5. Let x(q) = 2*q - 4. Calculate x(w).
2
Let d(s) = -2*s - 3 + 2 - 4. Determine d(4).
-13
Suppose 3*o + 29 = 41. Let x(w) = -5*w**3 - 6. Let y(b) = -14*b**3 + b**2 - 17. Let g(f) = 11*x(f) - 4*y(f). Calculate g(o).
2
Suppose -2*t + t = -2*s + 12, -22 = -2*s - 4*t. Let w(x) = x - 3. Determine w(s).
4
Suppose 6 = 2*c + 2. Suppose 8 = c*n + 2*n. Let m(j) = 4*j**2 + 0 - 3*j**n + 5*j - 2. Give m(-5).
-2
Let x(m) be the first derivative of m**3/3 - 9*m**2/2 - 2. Determine x(8).
-8
Suppose -13 = -5*n + p + 11, 5*n + 3*p = 8. Let a(x) = -4*x**3 + 2*x**3 + n*x**3 + 3*x**3 + x. What is a(1)?
6
Let u(d) = -8*d**2 - 1. Suppose -2*f = -5*f - 3*y + 12, -4*f = y - 7. Determine u(f).
-9
Let h be 4/26 - (-89)/13. Let f(u) = -h*u + 6 + 2*u**2 + 3*u**2 - 4*u**2. Calculate f(6).
0
Let c(t) = t**2 + 4*t. Let p be 34/(-10) + (-8)/(-20). Determine c(p).
-3
Let o(g) = -g**2 + 6*g + 2. Let b(z) = -z**3 + 5*z**2 + 5*z + 7. Let m be b(6). Let j = 1 + m. Suppose 0 = -j*k - 4 + 14. Give o(k).
7
Let b(r) = -4*r**2. Let c = 9 + -7. Suppose -3*w - 1 = c. Calculate b(w).
-4
Let l(k) = -k + 6. Suppose -2*n + 6 = -0*n. Let s be l(n). Suppose -f + 5*m - s = -0*f, -2*f - 4*m - 6 = 0. Let h(y) = 3*y + 3. Give h(f).
-6
Let g(a) = 6 - 2*a**3 - 2*a**2 + 0*a**2 - 4 + a. What is g(-2)?
8
Let s(f) = 5*f**2 + f - 1. Let g = -7 + 8. Determine s(g).
5
Let i be -2 - (2 - 5 - -1). Suppose w + 4 + 1 = i. Let k(q) = 39*q - 5 + 0 + 38*q - 78*q. Calculate k(w).
0
Let q(f) = 6*f**2 - 6*f + 5. Let x(d) = d**2 + 1. Let o(i) = q(i) - 5*x(i). Determine o(7).
7
Let b(p) = -2*p - p**2 + 24 - 9 + p**3 - 18. Determine b(3).
9
Let l(m) = 16*m**2 + 2*m - 1. Suppose -2 - 1 = -g + 2*s, -3*s = g + 2. Calculate l(g).
17
Let s(m) = -3*m**2 + m - 1. Let x(f) = f**2 + 2*f + 1. Let c(z) = z**3 - z**2 + z + 1. Let u(a) = -c(a) + x(a). Let n be u(2). What is s(n)?
-11
Let b(q) = 4*q + 3. Let p(m) = -7*m - 5. Let t(f) = -5*b(f) - 3*p(f). Determine t(4).
4
Let g(w) = -w - 4. Let s be 2/4*(-1 + 1). Let o be g(s). Let j(a) = a**2 + 4*a + 4. Let u(i) = 3*i**2 + 12*i + 11. Let p(f) = 11*j(f) - 4*u(f). Give p(o).
0
Suppose -3*h + 5*i = 15, -i - 2 = 5*h - 5. Suppose 0 = -4*t - 2*l + 8, 0*t - l + 16 = 5*t. Let y(w) = 0*w + 5 - t + w. Give y(h).
1
Let k(m) = -3*m**2 + 6*m - 5. Let n(f) = -13*f**2 + 25*f - 20. Let p be -4*(-1)/8*4. Let l(i) = p*n(i) - 9*k(i). Calculate l(4).
5
Let d be (-8)/(-1) - (1 - -2). Let m = d + -11. Let j(u) = -u + 1. Calculate j(m).
7
Let g(n) = 35*n**3 - 15*n**3 - 21*n**3 + 2. Give g(0).
2
Let b(a) = a**3 - 11*a**2 + 9*a + 12. Let j be b(10). Suppose -13 + 3 = j*o. Let v(p) = -2*p - 2. Give v(o).
8
Let m(n) = -7*n**2 + 7*n + 25. Let h(v) = -4*v**2 + 3*v + 13. Let s(o) = 5*h(o) - 3*m(o). Determine s(7).
-3
Let y = 107 - 102. Let s(o) = -o**3 + 6*o**2 - 4*o + 4. Give s(y).
9
Let z(h) = -2*h - 7. Let c = -22 + 17. What is z(c)?
3
Let z(r) = -r**2 - 2*r - 2. Suppose -3 + 11 = 2*c. Suppose 5*a + 8 = l, a - 4 = -l + c*l. What is z(l)?
-2
Let i(m) = -3*m**3 - m**2 + 2*m - 1. Let a be i(1). Let o be 5 - (-1 + 0 - a). Let p(l) = 5 - 5 - l**3 - l - o*l**2. Determine p(-3).
3
Let a(b) = 1 + b - 2 - 5*b. Suppose -n = 1 - 0. Give a(n).
3
Let q(j) = 2*j + 2. Let n be (-6 + 1)/(2/(-4)). Suppose 1 = 3*h + n. What is q(h)?
-4
Suppose 1 - 7 = -2*a. Let k(r) be the third derivative of r**4/24 - 2*r**3/3 - 4*r**2. What is k(a)?
-1
Let i = 4 - 2. Let h be (0 + 4)*i/4. Let q(c) = -c**2 + 0*c**2 - h*c - c**2 + 2. Calculate q(-2).
-2
Let i(b) = b + 7. Let r(t) = 6*t**2 - 41*t + 1. Let k(w) = -w**2 + 8*w. Let q(c) = 11*k(c) + 2*r(c). Let g be q(-5). What is i(g)?
4
Let i(y) = 3*y - 6*y - 3*y - 19 + 16 - y**2. Calculate i(-3).
6
Let a(z) = -z**3 - 7*z**2 - 2*z - 6. Let t(i) = 3*i**3 + 21*i**2 + 7*i + 17. Let b(x) = -8*a(x) - 3*t(x). What is b(-6)?
-9
Let x(y) = y - 3. Suppose 5*z + 16 = 46. Suppose 2*b + z = 0, -3*v + b + 30 = -2*b. Suppose 0 = 4*i + v + 5. Calculate x(i).
-6
Let m(p) be the third derivative of -p**4/24 - p**3/6 - 7*p**2. Give m(-3).
2
Let m(i) = -16*i**2 - 4*i + 1. Let f(q) = 17*q**2 + 5*q - 1. Let d(o) = -5*f(o) - 6*m(o). What is d(-1)?
11
Let w(q) be the third derivative of -q**4/24 - q**3 + 5*q**2. Calculate w(0).
-6
Let a(r) = -4*r + r**2 + 3 + 0 + 0. Suppose -3*b - 2*b + 30 = 0. Let y(g) = g**2 - 4*g - 8. Let j be y(b). Give a(j).
3
Let i(a) = -a**2 + 5*a - 1. Let l(x) = x**3 + 10*x**2 + 5. Let f be l(-10). Give i(f).
-1
Let j(b) = -2*b + 7. Let k be ((-30)/(-25))/((-1)/(-5)). Determine j(k).
-5
Let q(d) = d**3 + d**2 + 2*d + 1. Suppose 0 = g - 6*g + 15. Let x be g/(3/2 + 0). Suppose 0*v + x*v = -4. What is q(v)?
-7
Let k(l) = l**2 - 1. Let r = 53 + -51. Determine k(r).
3
Let b(m) = -2*m + 0*m + 0 + 3*m + 1. What is b(-2)?
-1
Let b(j) = 980 - 980 - 3*j. Determine b(-3).
9
Let i(t) = t**3 - 6*t**2 - 7*t + 8. Let l(o) = o + 26 - 26. Let d(c) = i(c) + 5*l(c). Let s be d(6). Let f(r) = r - 1. What is f(s)?
-5
Suppose -2*g = 4*i - 5*g + 2, 2*g = 4*i. Let u(r) = -r + 2. Give u(i).
1
Let i(f) be the third derivative of f**5/60 + f**4/12 - f**3/2 - 2*f**2. What is i(-4)?
5
Let z be ((0 - -1) + 0)*2. Let t(y) = 12*y - 17. Suppose -5*s - 5*b + 5 = 0, 2*b = 4*s - 22 - 6. Let i(a) = 8*a - 11. Let n(l) = s*t(l) - 8*i(l). What is n(z)?
-5
Let y(u) = 